d by u(16)?
28
Let y(l) = 8*l**2 - l - 1. Let f = -288 + 292. Suppose -4*w - f*r = -3*r - 52, 4*r + 26 = 2*w. Calculate the remainder when w is divided by y(-1).
5
Let z(c) = 4*c - 4. Let h be (-1)/(-1)*(-1 + 4). Suppose -g + h*g - 42 = 0. What is the remainder when z(16) is divided by g?
18
Let h(w) = w**2 + w - 1. Let x be h(-4). Let k = 19 - x. Let n(z) = z**3 - 7*z**2 + 2*z + 7. Calculate the remainder when n(7) is divided by k.
5
Let b = 164 + -132. Suppose 4*o = 3*j + b, -4*o + 4*j + 36 = -0*j. Calculate the remainder when o is divided by 4.
1
Suppose x + 14 = -3*f, 8 + 2 = -3*f + x. What is the remainder when 83 is divided by (f - -17) + 0 + 4?
15
Let w be (-12 - -13)/(2/18). Suppose -8*k + w*k - 146 = 0. Calculate the remainder when k is divided by 37.
35
Suppose 0 = 5*v - 18 - 2. Let n be (v/(-12))/((-1)/(-6)). Calculate the remainder when 19 is divided by (n/(-6))/(3/36).
3
Suppose 5*f = 4*i - 21 - 266, 3*f - 15 = 0. What is the remainder when i is divided by 49?
29
Let x = -5 + 8. Suppose 92 = 23*f - 184. Calculate the remainder when f is divided by x.
0
Suppose 0 = -o + 14*w - 19*w + 113, 0 = 4*o + 5*w - 527. Calculate the remainder when o is divided by 58.
22
Suppose 0*y = -2*y - 20. Suppose 3*z - 76 = -z. What is the remainder when z is divided by (-4)/20 - 72/y?
5
Let h(o) = -o + 2. Let x be h(-2). Suppose -c + 0*c = -z + 4, 2*c = -x*z + 46. What is the remainder when 15 is divided by z?
6
Calculate the remainder when 1215 is divided by (96/(-9))/(64/(-96)).
15
Let w(l) = -31*l + 758. What is the remainder when 94 is divided by w(23)?
4
Calculate the remainder when (27/(-5) + -1)/(12/(-60)) is divided by 14.
4
Let n(p) = p**3 + 23*p**2 + 3*p - 31. Let k be n(-23). Let u = -86 - k. What is the remainder when 25 is divided by u?
11
Let m = 61 + 19. Let n = m + -72. Calculate the remainder when 22 is divided by n.
6
Suppose -364 = -13*u + 754. Calculate the remainder when u is divided by 14.
2
Suppose -437 = -3*k - 86. Suppose -270 = 4*r - 366. What is the remainder when k is divided by r?
21
Let l = -220 - -322. Calculate the remainder when l is divided by 13.
11
Suppose -5*o + 10*o - 590 = 0. Suppose -142*a = -183 + 941 - 3598. Calculate the remainder when o is divided by a.
18
Let q = 463 - 437. Calculate the remainder when 73 is divided by q.
21
Suppose 0 = 49*p - 47*p - 234. What is the remainder when p is divided by 61?
56
Suppose -109*m - 13608 = -38569. Calculate the remainder when 458 is divided by m.
0
Suppose 12 = 4*m + 4*l, 16*l - 20*l = m. What is the remainder when 41 is divided by m?
1
Suppose 29 = p + 6. Suppose 0 = -2*g + p + 5. Suppose 0 = 16*j - 411 - 677. Calculate the remainder when j is divided by g.
12
Suppose -7*w = -4*w - 3. Suppose -2*q + w = 5*h - 1, 12 = 2*h - 2*q. Suppose h*y = -0*y + 58. Calculate the remainder when 84 is divided by y.
26
Suppose -8*p = -p - 658. Calculate the remainder when 463 is divided by p.
87
Let y = 11 - -7. Let q = y - 10. Calculate the remainder when q is divided by 4.
0
Let a = -151 + 255. Suppose a - 44 = 6*s. Calculate the remainder when 36 is divided by s.
6
What is the remainder when 919 is divided by ((-69)/3)/(16/8 + -3)?
22
Suppose 2*j + 3*d + 153 - 643 = 0, 5*d - 498 = -2*j. Calculate the remainder when j is divided by 20.
19
Suppose 0 = -4*u + 3*u + 3*s + 11, -5*u + 4*s = -99. Suppose 0 = -5*j - 3*n + 12 + 56, 0 = 4*j + 2*n - 54. What is the remainder when u is divided by j?
10
Let i = 10 + -2. Let k = 0 + i. Calculate the remainder when 13 is divided by -2*((-52)/k + 3).
6
Suppose -7*c + 2*c = -20. Let d = c - -8. What is the remainder when 58 is divided by d?
10
Let l(b) = -b**3 + 15*b**2 - 14*b. Let m be l(14). Suppose 2*c + 90 = -0*s + 3*s, -3*s + 5*c + 90 = m. Calculate the remainder when s is divided by 11.
8
Let j = 112 - 82. Let i = 203 + -114. What is the remainder when i is divided by j?
29
Suppose -2*a = 3*z - 75 - 47, 3*a + 48 = z. Suppose 14*t = 11*t + z. What is the remainder when t is divided by 5?
4
Let n = 409 + -315. Calculate the remainder when n is divided by 48.
46
Let w = -1322 - -1333. What is the remainder when 32 is divided by w?
10
Suppose 60*q = 50*q + 190. Suppose -3 - 42 = -3*w. Let y = -8 + w. What is the remainder when q is divided by y?
5
Suppose 3*w - 7*w = -v - 544, 0 = -2*w - 3*v + 272. Calculate the remainder when w is divided by 47.
42
Suppose 0 = -14*y + 222 + 184. Calculate the remainder when 134 is divided by y.
18
Suppose 0 = -4*o - 4, 2*o - 13 = -18*g + 13*g. What is the remainder when 9 is divided by g?
0
Let t(z) = z**3 - 21*z**2 - 20*z - 1. Suppose 19*f - 88 = 159. What is the remainder when t(22) is divided by f?
4
Suppose -415 = -8*z - 47. Calculate the remainder when z is divided by 17.
12
Let z = -2 + 4. Suppose 0 = 3*g - 65 + z. Calculate the remainder when 2 + -1 + 25 + 15 is divided by g.
20
Let p = -40 + 23. Let j = -24 - p. Let g = 10 + j. Calculate the remainder when g is divided by 3.
0
Suppose 3*y = -4*y + 2*y. Suppose y = 11*g - 209 - 165. Calculate the remainder when g is divided by 18.
16
Suppose 5*y - 106 = -2*z, z = 5*y - 4*z - 85. Let j = 32 - 19. Suppose -4*u = j - 61. Calculate the remainder when y is divided by u.
8
Let s = 4 - -1. Suppose -s*y + 9 = -2*y. Suppose -13 = y*g - 5*w - 2, 5*w - 8 = 4*g. What is the remainder when 5 is divided by g?
2
Let k(p) = -p**3 - 4*p**2 - 6. Calculate the remainder when 3 + 1 - (-23)/((-161)/(-756)) is divided by k(-5).
17
Calculate the remainder when 199 is divided by 40/4 + -9 + 20.
10
Suppose -3*z + 5 = -10. Suppose -z*l + 281 = d, -2*l + 55 = -l - d. What is the remainder when l is divided by 19?
18
Suppose 0 = 2*f - y - 152, -4*y = 6*f - 5*f - 85. What is the remainder when f is divided by 26?
25
What is the remainder when 538 is divided by (-1)/(10/(-772)) - (-30)/(-150)?
76
Let s = 33 - 30. Suppose -15 = 3*l, -2*k - 4*l - 43 = -s*k. Calculate the remainder when 66 is divided by k.
20
Let q(t) = -t**3 - 2*t**2 + 24*t + 29. What is the remainder when 140 is divided by q(-6)?
24
Let i(f) = 19*f + 2. Let k be i(3). Let u(h) = 33*h. Let z be u(2). Suppose 0 = -5*w + k + z. What is the remainder when w is divided by 14?
11
Let d(f) = -f**2 - 23*f - 28. Let q be d(-20). Let s = -12 + q. Let l = 11 + 48. What is the remainder when l is divided by s?
19
Let z be 156/20 + 6/30. Let v = z + 42. Calculate the remainder when v is divided by 21.
8
Suppose -2*c + 48 = -0*c - a, a - 4 = 0. Let o = -13 + 29. Let h = o + -2. What is the remainder when c is divided by h?
12
Suppose 5*r + 3*t = 20 + 10, -5*t = 0. Suppose r = -5*l + 16. Calculate the remainder when 33 is divided by (l + 16)*(-8)/(-12).
9
Suppose -405 - 15 = -10*z. What is the remainder when 247 is divided by z?
37
Let t = 17 + -11. Suppose 0 = -8*q + 1716 - 356. Suppose -5*f = -0*f - q. What is the remainder when f is divided by t?
4
Suppose 3*o - 4 - 19 = -5*z, -5*o + 4*z + 26 = 0. Suppose -5*p + 62 = 3*k, -2*k - 3*p + 14 = -k. Let g = k + o. What is the remainder when g is divided by 19?
16
Let u = -57 - -24. Let x = -15 - u. What is the remainder when 71 is divided by x?
17
Suppose 2*g = 3*r - 235, 5*g - 7 = -r + 43. What is the remainder when 170 is divided by r?
20
Let c = 2324 + -2267. What is the remainder when 82 is divided by c?
25
Suppose -3*o + 22 = -2*n, 5*o - 34 = -0*n + 3*n. Calculate the remainder when 116/16 - 7 - 70/n is divided by 5.
4
Let u(j) = -2*j**2 - j + 3. Let q be u(4). Suppose 5*d = 3*o + o - 89, 2*o - 7 = -5*d. What is the remainder when 2 + -3 + -1 - q is divided by o?
15
Suppose -3*u + 4*u = 42. Suppose i + 3*v + 9 = -1, -3*i - 4*v = 5. Suppose 4*g - 3*c + 7*c = 48, -g + i*c = -u. What is the remainder when 82 is divided by g?
14
Let i(j) = -j**3 - 3*j**2 - 2*j + 1. Suppose 4*p - 21 = 7*p. Let f(c) = -c**3 - 6*c**2 + 3*c - 2. What is the remainder when f(p) is divided by i(-3)?
5
Suppose 3*o + 1 - 19 = 0. What is the remainder when 34 is divided by o?
4
Let t(u) = -u**3 - 24*u**2 - 18*u + 1. Let n be t(-23). Calculate the remainder when 67 is divided by (10/(-4))/(n/28 + 4).
32
Let q = -16 - -31. Let a = -45 + 87. What is the remainder when a is divided by q?
12
Let r(v) = 71*v - 8. What is the remainder when r(1) is divided by 10?
3
Let g(j) = j**3 + 24*j**2 + 137*j + 20. Suppos